e highest common divisor of x and 28?
28
Let v(n) = 3*n**3 - 150*n**2 + 6*n - 288. Let i be v(50). Suppose -2*o + 7*o - 810 = 0. What is the highest common divisor of o and i?
6
Let f(v) = -v**2 - 139*v + 156. Let m be f(-135). What is the greatest common factor of 9222 and m?
174
Let m(s) = -s**3 + 9*s**2 - 14*s + 20. Let f be m(7). Suppose -f*b + 239 + 41 = 0. What is the highest common divisor of b and 896?
14
Suppose 0 = 2*k + 2*o - 90, -k + 2*o = -20 - 22. Let h be (-22)/(-33) + k/6. Calculate the greatest common factor of h and 392.
8
Let p = 294 + -111. Suppose -4*g = m - 5*m + 716, p = m - 2*g. Calculate the highest common divisor of 35 and m.
35
Suppose 9*p - 4*p = 310. Suppose -61*z + p*z = 57. Suppose -z = -7*t + 97. Calculate the highest common factor of t and 33.
11
Let i(g) = -72*g - 945. Let s be i(-15). What is the greatest common factor of s and 8055?
45
Suppose 0 = 15*f - 11*f + 188. Let s = 51 + f. Suppose s*h - 10 - 106 = 0. Calculate the highest common factor of 29 and h.
29
Let c = 6570 - 5174. What is the greatest common divisor of 4 and c?
4
Let y(j) = 285*j - 1706. Let x be y(6). Let h(v) = 4*v - 4. Let f be h(6). Calculate the greatest common divisor of x and f.
4
Suppose 7*h + 270 = 4*h. Let v = -82 - h. What is the highest common factor of 128 and v?
8
Let q(b) = -327*b + 282. Let w be q(-1). What is the highest common factor of 145 and w?
29
Suppose 2*c = -47 + 57. Suppose -3*z + c + 31 = 0. Suppose -5*y = -5*r + 128 - 3, z = -4*y. What is the greatest common factor of 11 and r?
11
Let k = 153 + -151. Suppose 24 = 6*g + k*g. Calculate the highest common factor of g and 93.
3
Let c = -12559 + 12579. Calculate the greatest common divisor of c and 428.
4
Let x = 885 - 861. Suppose 3*a - 171 = -51. Calculate the greatest common divisor of x and a.
8
Suppose 0 = -4*k + 3*u + 85, 5*u + 17 = -4*k + 110. Suppose 3*w - 2 = p, p + w + 4 - k = 0. Calculate the highest common divisor of p and 299.
13
Let s(k) = k**3 - 5*k**2 + 26*k - 22. Suppose -8*x + 67 - 11 = 0. Let j be s(x). Calculate the highest common divisor of 6 and j.
6
Let t(z) = -z - 43. Let k be t(-43). Suppose k = 19*d + 2*d - 2772. Calculate the greatest common factor of d and 220.
44
Suppose -14*x = -303 - 117. Suppose 26*j + 1564 = x*j. What is the greatest common divisor of 17 and j?
17
Let t be (3/12*-47)/((-2)/32) - -7. Calculate the greatest common divisor of t and 3575.
65
Let o(a) = 169*a - 106. Let h = 31 - 27. Let l be o(h). What is the greatest common divisor of l and 30?
30
Suppose -3*t + 0*t = -3. Let d be (t*-2)/(-2) - -14. Let q(l) = -l**3 - 16*l**2 + 87*l + 948. Let w be q(-18). What is the greatest common divisor of w and d?
15
Let t = 8782 + -8725. Calculate the highest common divisor of 285 and t.
57
Suppose 3*g = -5*a + 380 - 90, -3*a - 15 = 0. Calculate the greatest common factor of g and 546.
21
Let m(h) = 3*h**2 + 6*h + 7. Let v be m(-7). Suppose 97*w - 508 = 94*w + l, -3*w = 2*l - 496. What is the highest common factor of w and v?
56
Suppose -50*t = -t + 1470. Let k(m) = -2*m + 168. Let r be k(t). Calculate the highest common divisor of r and 12.
12
Let g(l) = l**2 + 15*l + 1595. Let d be g(-35). Calculate the greatest common factor of 595 and d.
85
Let t = -110 - -117. Suppose 0 = 5*k - 22 + t. Suppose 5*x - 51 = -3*h, -32 - 49 = -k*h + 5*x. Calculate the highest common divisor of 264 and h.
22
Let d be (25 + -1 - 21)/(2/36). Calculate the highest common factor of 4482 and d.
54
Let f(w) = 2 - 1 + 3 - 7*w - 6 + 0. Let u be 15/(-6) + (-3)/(-6). Let g be f(u). What is the greatest common factor of 84 and g?
12
Suppose 4*f - 506 = -56*c + 58*c, 2*f - 3*c = 231. Let j(k) = -k**3 - 10*k**2 - 2*k + 13. Let a be j(-10). Calculate the highest common divisor of f and a.
33
Let y(d) = -d**2 - 16*d + 41. Let l be y(-18). Suppose 4*w = -l + 1. Let z be (-112)/(-280) - w/((-5)/(-23)). What is the greatest common divisor of z and 1?
1
Suppose -231*w + 927922 - 752462 + 2209384 = 0. What is the highest common divisor of w and 116?
116
Suppose y = 8*y - 308. Suppose 64 = 4*v + y. Suppose -2 = -v*n + 118. What is the greatest common factor of n and 192?
24
Suppose 0 = 6*f - 1155 - 1965. Let m be (4/(-6) - f/(-15)) + -4. Calculate the highest common divisor of 195 and m.
15
Let m = 685 + -570. What is the highest common factor of m and 170?
5
Let m be ((-26)/(-12))/(42/504). Let p be -4*(-13)/8*2. Let l = m - p. What is the highest common divisor of l and 65?
13
Suppose -m - 2232 = -5*m. Suppose -24*u + 10*u + 972 = 13*u. Calculate the greatest common divisor of m and u.
18
Suppose 1258 = 3*f + 2*w, 2*f + 12*w - 857 = 7*w. What is the greatest common divisor of 702 and f?
26
Suppose 0 = -9*p + 4*p - 10. Let n(w) = -w**3 + w**2 + w - 2. Let m be n(p). Suppose -20*o = -16*o - 32. Calculate the highest common divisor of m and o.
8
Let v(w) = -w**2 - 17*w + 12. Let a be v(-5). What is the highest common factor of a and 3186?
18
Suppose 3*x - 2*x = 85. Suppose j + 15*a - 5 = 10*a, 3*j + 4*a = 4. Let r = x + j. What is the greatest common divisor of 17 and r?
17
Suppose 0 = 432*n - 316*n - 1542916. What is the highest common divisor of n and 47?
47
Suppose 1463*b - 1411*b - 168294 = 17710. Calculate the greatest common factor of b and 73.
73
Let c = 495 - 498. Let q be c*((-996)/(-90) + -2)*-20. What is the greatest common factor of 32 and q?
32
Let p be 62/((-40)/5 + 530/66). What is the highest common factor of p and 24?
6
Suppose -a + 5*r + 534 + 3183 = 0, -a + 3713 = -r. Calculate the highest common factor of a and 32.
32
Let v(h) = -h**3 - h + 252. Let f be v(0). Suppose 5*m = 5*l + 2095, 415*l - 418*l = 4*m - 1683. What is the greatest common factor of m and f?
84
Suppose -16*r = 21*r - 1443. Calculate the greatest common divisor of 299 and r.
13
Suppose -11*f = -20723 + 15619. What is the greatest common divisor of 319 and f?
29
Suppose -4*d + 41658 = -4*p - p, 0 = -19*d - 4*p + 198042. Calculate the greatest common divisor of d and 18.
18
Suppose 0 = -109*t + 2253 - 1163. What is the greatest common factor of 116 and t?
2
Let o = -87 + 102. Let w be 7*5 - (-11 + 10). Let t be 2151/w - 2/(-8). Calculate the highest common factor of o and t.
15
Let f be ((-252)/189)/((-2)/324). What is the highest common divisor of 1476 and f?
36
Suppose 1 = -5*g - 9, -g = 3*o - 565. Calculate the highest common divisor of o and 1197.
63
Let l = -353 - -366. Let m be 10*(-10)/3*(-3 + -6). Let y = -131 + m. Calculate the highest common factor of y and l.
13
Suppose -134*x + 3*q = -139*x + 1266, -4*x - 4*q = -1016. What is the highest common factor of 396 and x?
36
Let n = -5303 + 7632. Calculate the highest common factor of 102 and n.
17
Suppose -3*f + 24 = 9. Let i be (-1)/(-20)*5*12. Suppose 0 = -2*q + i*u + 2*u + 94, 0 = 4*q + f*u - 158. What is the greatest common factor of 462 and q?
42
Let k(a) = -a**3 - 4*a**2 + 6*a + 6. Let s be k(8). Let y = s + 774. Calculate the greatest common divisor of y and 70.
10
Let a be ((-18)/54*3)/((-2)/114). Calculate the greatest common factor of 304 and a.
19
Suppose 3*p - 547 = -13. Let g be p/8 + (-11)/44. Suppose -g - 50 = -6*s. What is the highest common divisor of 12 and s?
12
Let c(t) = t**3 + 12*t**2 + 11*t. Let l be c(-11). Suppose 0 = -v - 3*q + 45, -v + 45 = -q - l. What is the highest common divisor of 15 and v?
15
Let w(y) = 3*y**2 + 24*y - 9. Let d be w(15). Suppose -d = -6*m - 13*m. What is the highest common factor of m and 918?
54
Suppose -p = q + 10, -3*q - 34 = 5*p + 8. Let l be p/(-4)*6600/99. Calculate the greatest common factor of 4 and l.
4
Suppose 627 = 3*k - 0*k. Let i be (3 - (312/(-5))/4) + (-66)/(-165). What is the greatest common divisor of i and k?
19
Let q = 8622 + 283. Calculate the greatest common factor of q and 195.
65
Let c be 9131/437 + -21 - 1598/(-19). What is the greatest common factor of c and 3129?
21
Let u be (-2)/(-7) - ((-1089)/(-77))/(-3). Suppose -3*o - 17 = -2*o. Let f = u - o. Calculate the highest common factor of f and 154.
22
Suppose 4*c = 2*a - 3018, 2*a - 2772 = -5*c + 264. What is the greatest common divisor of 68 and a?
17
Let d = 12583 - 4964. What is the greatest common divisor of d and 19?
19
Let y = -56 + -7. Let f = y + 73. What is the highest common factor of f and 15?